
-5
Let q(w) be the second derivative of w**4/12 + w**3/2 + 3*w**2/2 + 4*w. Calculate q(-5).
13
Suppose -4*r - 4*k = 0, -2*r = 4*k + 11 - 1. Suppose 38 = -r*b - t, 8 = -5*t - 7. Let j = -12 - b. Let u(v) = v**2 + 3*v - 6. Give u(j).
4
Suppose -2*m - 32 = -0*m. Let f be (1/(-2))/(1/m). Let w(t) = f*t**2 + 2 - 9*t**2 + 2 - 5*t. What is w(-5)?
4
Let y(f) = f**2 + 2*f + 2 - 1 - 4*f**2 - f**3. Give y(-3).
-5
Let n(z) be the first derivative of z**4/4 + z**3 - 3*z**2 - 4*z + 34. Suppose a - 1 - 1 = 0. Suppose a*m - 8*r - 12 = -4*r, -5*m - 5*r = 45. Determine n(m).
4
Let c(x) = x**2 - x - 1. Let w(r) = 9*r**2 + 3*r - 15. Let h(g) = 6*c(g) - w(g). Let q(u) = -u + 1. Let y(l) = -2*h(l) + 18*q(l). Give y(1).
6
Let b(k) = 11*k**3 - 21*k**2 - 6*k + 9. Let y(q) = 5*q**3 - 10*q**2 - 3*q + 5. Let z(g) = 4*b(g) - 9*y(g). Let a = -157 - -163. Calculate z(a).
9
Let d(j) be the second derivative of j**3/3 - 4*j**2 + 22*j. Calculate d(6).
4
Let u(z) be the second derivative of -z**6/180 + z**5/60 + z**4/12 + z**3/3 + 2*z. Let h(m) be the second derivative of u(m). Give h(2).
-2
Let n(h) be the second derivative of 3*h**5/20 + h**4/4 + h**3/2 + h**2 - 7*h. What is n(-2)?
-16
Let j = -15 - -21. Let a(l) = j*l**2 - l**3 - 2*l**3 - 5 + 2*l**3. Let s be (5 - (0 - 0)) + 1. Give a(s).
-5
Let i(m) = -m**3 + 2*m**2 - 2*m + 1. Let b be (-4 + 1)/((-3)/4). Suppose 5*w = b*w + 2. Determine i(w).
-3
Let r = -177 - -173. Let y(k) = -7*k + 6. Let s(t) = 8*t - 7. Let x(d) = -6*s(d) - 7*y(d). Calculate x(r).
-4
Let s(t) = 5*t - 13. Let g(c) = 2*c - 4. Let z(r) = -8*g(r) + 3*s(r). Suppose -50 = 6*u - u. Let d = u + 6. What is z(d)?
-3
Suppose -t = -3*l - 3*t + 4, -5*t + 10 = 2*l. Let c(q) = -q**3 - q - 1. Give c(l).
-1
Let x(u) be the second derivative of u**6/720 + u**5/10 + u**4/12 + 4*u. Let b(r) be the third derivative of x(r). Calculate b(-5).
7
Suppose -3*f + 3*y + y - 32 = 0, 3*f + 22 = 2*y. Let h(o) = o**3 + 1. Let x(v) = -3*v**3 - 5*v**2 - 5*v - 3. Let j(c) = 2*h(c) + x(c). What is j(f)?
3
Let x(h) = 0*h**3 + h - 43 + 19 + 2*h**2 - h**3 + 22. Calculate x(2).
0
Let o(n) be the third derivative of -n**6/120 + n**5/12 - n**4/12 - n**3/2 - 5*n**2. Determine o(4).
5
Suppose 0 = 3*h - 4*h. Let y be 1 + 1 + -7 + h. Let v(x) = x + 9. Determine v(y).
4
Let k(f) = -f**2 + 1. Suppose 0*g = g + 1. Let d(n) = -n**3 + 11*n**2 - 5*n - 5. Let t(o) = g*d(o) - 5*k(o). What is t(5)?
0
Let f(m) be the third derivative of -m**4/24 - m**3/2 + 3*m**2. Let r be ((-18)/15)/((-3)/(-10)). What is f(r)?
1
Let n(o) be the second derivative of -o**3/6 + o**2/2 - o. What is n(4)?
-3
Let p(o) = 3*o - 1. Suppose 6 = -3*g - 3. Give p(g).
-10
Suppose x + 4*x - 25 = -4*w, 5 = x. Suppose w*g + 8 = -4*g. Let t(s) be the first derivative of s**4/4 + 2*s**3/3 + s**2 + 1. Give t(g).
-4
Let u(s) = 8*s**2 + s. Let o(b) = -17*b**2 - 3*b. Let t(x) = 2*o(x) + 5*u(x). Give t(1).
5
Let n(a) = -a + 5. Let w be n(5). Suppose w*c + 8 = 4*c. Let d(f) = -3 + c + f**3 + 7 + f**2. Calculate d(0).
6
Let v be (-1*3/3)/(-1). Let w(j) be the second derivative of -2*j**3/3 - 4*j. Calculate w(v).
-4
Suppose 2*g - 1 - 7 = 2*t, -3*t - 3*g = 24. Let u(o) = o**3 + 6*o**2 + 5. Let b be u(t). Let l(k) = -k + 3. What is l(b)?
-2
Let f(p) = p**3 - 5*p**2 + 4. Let t be (3/(-1))/((-9)/12). Calculate f(t).
-12
Let v(u) = -u**2 - 6. Let a be 4/(-6)*(-6)/(-4). Let m = a + 1. Determine v(m).
-6
Let a(u) = u**2 + 4*u - 4. Suppose -s - k + 7 = 0, 3*s + 12 = -s + 4*k. Let t = s + 1. Suppose -7 - 1 = 4*w + t*i, w - 15 = -5*i. Calculate a(w).
1
Let p(b) = -2*b + 6. Suppose -c = 4*m - 3*c - 10, -35 = -2*m - 5*c. Give p(m).
-4
Let i(b) = b**2 - 9. Let w(x) = -x**3 + 5*x**2 + 8*x - 9. Let o be w(6). Let d be 0*(1 + o/(-6)). Give i(d).
-9
Let j(p) = -p - 1. Let z(b) = 2*b + 1. Let o(t) = 3*j(t) + 2*z(t). Let u be (-3 + 0)*(-1 + 0). Let n = u + -7. What is o(n)?
-5
Let g = 0 - -2. Let q(i) = -4*i. Suppose 0 = 13*l - 15*l - 14. Let z(s) = -s. Let a(w) = g*q(w) + l*z(w). Calculate a(0).
0
Let n(j) = j**3 + 7*j**2 + 7*j + 7. Let v(r) = r**3 + 8*r**2 + 8*r + 8. Let p(x) = 5*n(x) - 4*v(x). Determine p(-2).
1
Let f = -4 - -10. Let a(j) = 0*j**3 - j**3 - 1437*j**2 + 1444*j**2 - 4 - 7*j. Determine a(f).
-10
Let h(q) = 2*q**2 + 6*q - 5. Let m = 78 - 83. Calculate h(m).
15
Let z(m) = m**2 - 8*m + 17. Let q be z(4). Let v(o) = 4*o**3 - 2*o**2 + 2*o - 1. What is v(q)?
3
Let i(u) = u**2 + 14*u + 1. Let w be i(-14). Let h(y) be the second derivative of 2*y**3/3 + y**2/2 - 3*y. Give h(w).
5
Let b(a) = -a**3 - 1 - 5*a**2 - 4*a + 2 + 0*a**2. Let s be (-341)/(-22) - (-1)/(-2). Let v = -18 + s. Determine b(v).
-5
Let l(s) = 8*s + 3. Let m(d) = 15*d + 6. Let x = -7 - -18. Let y(f) = -6*f**3. Let z be y(1). Let o(w) = x*l(w) + z*m(w). What is o(-4)?
5
Let s(t) = t**2 - 5*t - 4. Let q be s(5). Let r be (-1)/(-3) + q/(-6). Let m(n) = -r + 2 - 2 + 2*n + 3. Determine m(-3).
-4
Let a(f) = -f - 7. Let m(u) = u**2 + 6*u + 5. Let h be m(-3). Give a(h).
-3
Suppose -4*p + 9 = -p. Suppose -1 = -p*d + 5. Let b(h) = 3*h - 3. What is b(d)?
3
Let k(z) = -6*z**2 + 3*z + 3. Let n(i) = -i**2 + i. Let x(y) = -k(y) + 5*n(y). Let m = 1 - -1. What is x(m)?
5
Let b(k) = 3*k - 5. Let i(t) = 3*t - 5. Let s(a) = -5*b(a) + 4*i(a). Let z(r) = r - 2. Let w(l) = -3*s(l) - 7*z(l). Give w(3).
5
Suppose 2*w = -0*w + 8. Suppose -n - w*n = -10. Let g(b) = -n + b**3 + 7*b**2 + 2*b**2 - 7*b**2. Determine g(-2).
-2
Let a(i) = -i**2 + 6*i - 3. Suppose 5*x + g = 6*g + 45, -2*x + g = -17. Let o(q) = -q**3 - 6*q**2 + 8*q + 4. Let z be o(-7). Let w = z + x. Give a(w).
2
Let b(v) = -v**3 + 2*v**2 + v + 1. Let c be b(3). Let a(r) = -r + 2*r - 3 - 2*r. What is a(c)?
2
Let h(o) = 11*o**2 - 14*o - 24. Let r(w) = -4*w**2 + 5*w + 8. Let t(i) = -3*h(i) - 8*r(i). Give t(6).
-16
Let p(s) = -2*s**2 - 12*s - 1. Let d(u) = -u**2 - 6*u - 1. Let w(k) = -5*d(k) + 2*p(k). Suppose -6 = -4*m + 10. Let n be (3 - m)/((-2)/(-10)). Give w(n).
-2
Suppose 5*z + 0*z + 4*w = 17, -z = w - 4. Let a(u) = 6*u**2 + u. Let t be a(z). Let k(c) = -c + 6. Calculate k(t).
-1
Let f = 1 + -1. Let g(k) be the first derivative of 5*k**2/2 + 10*k - 9. Let b(o) = 6*o + 10. Let r(y) = -4*b(y) + 5*g(y). Calculate r(f).
10
Suppose 0*h - 4*t = 5*h + 10, -5*h = 2*t. Let g(a) be the third derivative of 1/60*a**5 - a**h - a**3 + 0*a + 0 - 1/24*a**4. What is g(0)?
-6
Let f(s) = s**3 - 5*s**2 + s - 4. Let i(u) = -u**3 - 11*u**2 + 12*u + 5. Let l be -12 - (-3 - (0 - 3)). Let z be i(l). Give f(z).
1
Let z(j) = -14*j**3 - 2*j + 1. Suppose 2*p - 5 = -3. Determine z(p).
-15
Let u(s) = -8 + 4 - s**2 - 2 - 4*s + 3. Calculate u(-3).
0
Suppose 5*a = 11 - 16. Let f(u) = -10*u. Calculate f(a).
10
Let w(l) = -15*l**3 + 1. Let d(k) = k**3 - 5*k**2 + k + 13. Let h be d(4). Give w(h).
-14
Suppose -2*l - 6*l = 24. Let u(v) = v**3 + 4*v**2 + 2*v. Give u(l).
3
Let b(k) = 4*k + 3*k - 6*k - 5. What is b(6)?
1
Let d(u) = 26 + u**2 + 2*u - 5*u**2 - u**3 - 25 + u**2. Give d(2).
-15
Suppose 0 = 2*b + 3*b - 45. Let p(f) = b + 5 - 5 - f. Let l be p(4). Let w(n) = n**2 - 5*n - 1. What is w(l)?
-1
Let o(n) = -3*n**2 - 2*n + 2. Suppose -2*b - 2*b = 8. Determine o(b).
-6
Let t(r) = -r**3 + r**2 + 5*r - 3. Let x be 0*1/(-4) + -2. Let b = 1 - x. Calculate t(b).
-6
Let t be 7 + (0 - -2 - 5). Let o(d) = -d**2 + 7*d - 6. Give o(t).
6
Let n(u) = 5*u**2 + 6*u - 6. Let a(w) = 9*w**2 + 12*w - 12. Let i(f) = -6*a(f) + 11*n(f). Give i(6).
6
Suppose -6 = 2*v - 5*v. Suppose 0 = 3*p + v*p. Let w(j) be the first derivative of j**3/3 + 5*j + 5. What is w(p)?
5
Let q(v) = 14*v**3 - v**2 - v - 1. Let c(z) = 14*z**3 - z**2 - z - 2. Let x(u) = 2*c(u) - 3*q(u). What is x(1)?
-13
Let f(a) be the first derivative of -a**4/4 - 8*a**3/3 - 7*a**2/2 + 3*a - 1. Calculate f(-7).
3
Let m(r) = r + 9. Let a(p) = 8. Let h(l) = -4*a(l) + 3*m(l). Let z be -6*(0 - (-6)/(-9)). What is h(z)?
7
Let a(p) = -p + 6. Let n(b) = -1. Let g(m) = a(m) + n(m). Let v be 0/((-6)/9*3). What is g(v)?
5
Suppose 5 = -i - 2*v, -2*i - 4*v = -5*i + 35. Suppose 5*g = 0, 0 = -i*l - g + 20 - 0. Let a(d) = -d**3 + 5*d**2 - 2*d. What is a(l)?
8
Let m(y) = -31*y - 2. Let c be m(6). Let z be (-2)/9 - c/36. Let x(j) = -2*j + 7. What is x(z)?
-3
Let u = -7 + 4. Let g(l) = l + l + 3*l**2 - 4*l**2. Let i(y) = 2*y**2 - y + 1. Let a(n) = -3*g(n) - 2*i(n). Calcula